?
2
Let v = -13 + -20. Let b = -35 + v. What are the prime factors of (0 - 4) + 0 - b?
2
Suppose -431*y + 835*y - 416*y = -995844. What are the prime factors of y?
31, 2677
Suppose 0 = -21*t - 14236 + 501394. List the prime factors of t.
2, 7, 1657
Let n = 153 - 64. List the prime factors of n.
89
Suppose -34*g + 33*g = -4*p - 9672, -4*g - 10*p + 38532 = 0. What are the prime factors of g?
2, 3, 67
Suppose -z = -3*m + 3, 2*z + 7 = 5*m + 3. Let q(o) = 93*o**3 + 2*o**2 - 5*o + 10. List the prime factors of q(m).
2, 47
Let a = -39475 - -65168. What are the prime factors of a?
25693
Suppose -613*u + 644*u = 557814. List the prime factors of u.
2, 3, 2999
Let l = 983 - -2252. List the prime factors of l.
5, 647
Let c = 2374 - -3795. What are the prime factors of c?
31, 199
Suppose 2*b + k + 0 = 3, -2*b - 5*k = -23. Let v(u) = -184*u**3 - 2*u - 2. What are the prime factors of v(b)?
2, 23
Let a(c) = -1152*c**3 - 11*c**2 - 4*c - 13. List the prime factors of a(-2).
89, 103
Let z = -254 + 248. List the prime factors of 5/(-150)*-2005 + 5/z.
2, 3, 11
Let a(f) = 503*f + 260. List the prime factors of a(14).
2, 3, 1217
Suppose 5*h + d = 14, -3*h - 2*d + 4 = -3. Suppose 644 = h*s - b, -3*b = b - 4. Suppose -5*t + s = q, -5*t - q + 172 = -t. List the prime factors of t.
43
Suppose 0 = -y - 0*d + 2*d + 252, -3*y = -4*d - 746. Let t = y + 38. Suppose -80*q + 76*q = -t. What are the prime factors of q?
2, 5, 7
Let u(l) = 6*l - 24. Let k be u(5). List the prime factors of 0 + 332 - (k - 10).
2, 3, 7
Let s(l) = l + 14. Let k be s(-6). Let o = 128 + k. Let y = o - 12. List the prime factors of y.
2, 31
Let r(t) = 2*t + 13. Let s be r(-5). Let i be -3 + 0 + (7 - s - -9). Suppose j - 2 = -4*h + 76, 2*h + i = 0. What are the prime factors of j?
2, 7
Let u(t) = -12*t - 37. Let x be u(-6). What are the prime factors of 3 - 100/x - 24777/(-21)?
2, 5, 59
Let l = -2594 - -38237. List the prime factors of l.
3, 109
Suppose -2*v + 5*v + 28 = 4*a, -a + 10 = -v. Let f(m) = -m**2 - 10*m + 9. Let l be f(-12). List the prime factors of (v - l)/(3/101).
101
Suppose -864 + 5631 = 3*g - 3*x, -7955 = -5*g + 3*x. Let a = g + -1094. What are the prime factors of a?
2, 5
List the prime factors of 42/(-28)*22*(-1059)/9.
11, 353
Let x be (3 - -1) + -7 + 393 + -2. Suppose x = -307*s + 311*s. List the prime factors of s.
97
Suppose 105*z - 2*s = 113*z - 5000, 2*z + s = 1248. What are the prime factors of z?
2, 313
Suppose -3*w = 3*w + 24. Let m(f) = 4*f + 18. Let h be m(w). Let r(z) = 81*z - 6. List the prime factors of r(h).
2, 3, 13
Let b(c) be the second derivative of -17*c**3/6 + 4*c**2 - 176*c. Let r be 1/(-2)*-3*-4. List the prime factors of b(r).
2, 5, 11
Suppose 2*t = 4*b - 356, 0*t + 3*b = -t - 163. Let y = -123 - t. What are the prime factors of y?
7
Suppose -671 = -u + 3*x + 1132, -5*x = 2*u - 3628. List the prime factors of u.
3, 67
Let a(j) = -j**2 + 22*j + 16. Let n be a(22). Suppose 5*i - n = -h, 5*h - 6*h = -5*i + 4. What are the prime factors of 616/h + 12/9 + -2?
2, 3, 17
Let z = 297 + -230. What are the prime factors of z + (-3 + 19)/4?
71
What are the prime factors of ((-899151)/2541)/((-2)/42)?
3, 2477
Let s(a) = -a**2 - 8*a - 5. Let m be s(-7). Suppose 1 = -j - l - m, 4*j = -3*l - 13. List the prime factors of 24*((1 - 3) + (-22)/j).
2, 3, 7
Suppose 0 = 5*b - 46 + 21. Suppose -1988 = -b*f - 523. What are the prime factors of f?
293
Suppose -266702 - 261155 = -25*h - 56632. What are the prime factors of h?
3, 61, 103
Let m(x) = -83*x + 4. Let s be m(-4). Let p be (98/(-6))/(((-7)/9)/(-7)). Let u = p + s. What are the prime factors of u?
3, 7
Let q = 1715 - 380. Let k = q + -764. List the prime factors of k.
571
Let h(p) = 52*p**3 + 3*p**2 - 3*p + 2. Let k be h(1). Let u be -30 + (-9)/(9/4). Let l = u + k. What are the prime factors of l?
2, 5
Let n(u) = 9513*u**2 + 54*u - 54. What are the prime factors of n(1)?
3, 7, 151
Suppose 0 = -13*b + 8 + 44. Suppose -j + 2246 = 5*r, r = b*r - 5*j - 1370. What are the prime factors of r?
2, 3, 5
Let q(o) = o**3 - 37*o**2 - 1593*o + 139. What are the prime factors of q(66)?
5, 853
Suppose -i - 230 = 3*m - 4*m, 2*m + 5*i = 474. Let c = -187 + m. What are the prime factors of c?
3, 5
Suppose 2753 = 20*q - 5707. Suppose n + r = 5*r + q, n - r = 417. What are the prime factors of n?
5, 83
Let r = -68341 + 123432. List the prime factors of r.
89, 619
Suppose 4*t = -8 - 4. Let v be t/(10 + -8 + (-7)/2). Suppose -2*c + 260 = -v*w, 514 = 3*c + 3*w + 106. List the prime factors of c.
7, 19
Suppose -171*b = -201*b + 88830. List the prime factors of b.
3, 7, 47
Let n(s) = 10*s**2 + 14 - 19 - 3*s**2 - 5*s + 15. Let j = -21 + 25. List the prime factors of n(j).
2, 3, 17
Suppose 21 = 8*n - 27. Suppose 3*u + 2*a - 10 = n, 8 = 4*a. Suppose -244 = -4*g - u*j, -5*g = -5*j - 34 - 241. What are the prime factors of g?
2, 29
Suppose -8*v + 83383 = -85505. Suppose -20*a = 11*a - v. List the prime factors of a.
3, 227
Let t = -7241 - -19078. List the prime factors of t.
7, 19, 89
Suppose -1748149 = -487*y + 772076. List the prime factors of y.
3, 5, 23
Let j(a) be the second derivative of -a**5/20 + 4*a**4/3 - 13*a**3/6 - 3*a**2 + 19*a. Let w be j(12). Suppose -5*r + w = r. What are the prime factors of r?
3, 23
Suppose 0 = 4*g - 8, -2*w + 3*g + 122 = 0. Suppose -w = 9*o - 13*o. List the prime factors of o.
2
Let k(u) = -1529*u - 8822. List the prime factors of k(-52).
2, 3, 7, 11, 17
Let r(t) = -41*t. Let c be r(3). List the prime factors of (-40508)/c + ((-4)/(-6))/1.
2, 3, 5, 11
Suppose -r + 8 = 2*i, -9 = i - 4*r + 5. Suppose 0 = -2*d - i*d + 244. Suppose q - 3*u - d = 21, 4*u = -4*q + 328. List the prime factors of q.
2, 41
Let r be 2*3/9*-6. Let u be r/(-12)*0/1. Suppose 4*z = -u*v + 5*v - 268, -2*v - z = -102. List the prime factors of v.
2, 13
Let r be 4 + -7*(4 - -1). Let h(c) = -c + 23. Let b be h(-11). Let g = r + b. List the prime factors of g.
3
Suppose 2*c + 74 = 76, 36048 = m + 4*c. What are the prime factors of m?
2, 9011
Let y = -85 - -101. List the prime factors of (-1)/(-2) + 1256/y.
79
Suppose 0 = -w - 4*h + 7489, -18341 = -5*w - 2*h + 19194. What are the prime factors of w?
3, 2503
Suppose -4*k + 4*q - 115 = -643, 5*k - 660 = -q. Suppose -2*g + l + k = -g, 0 = -l + 2. What are the prime factors of g?
2, 67
Suppose 99*p - 343046 = -36938. List the prime factors of p.
2, 773
Suppose 0 = -i - 4*m + 8818, 35*i + 2*m - 17666 = 33*i. List the prime factors of i.
2, 3, 491
Let n(t) = 4*t + 12. Let j be n(-6). List the prime factors of (((-752)/(-6))/1)/((-4)/j).
2, 47
Let k be (427/(-14) + -3)*-352. Suppose -9*b + 20*b = k. What are the prime factors of b?
2, 67
Let x = 6 - 6. Let p(y) = -2*y**3 + 2*y**2 - 2*y + 503. What are the prime factors of p(x)?
503
Let x = -44 - -43. Let g be (x - 66/(-18))/(2/(-3)). List the prime factors of ((-71)/g)/((-497)/84 - -6).
3, 71
Let u be (1110/(-259))/((-6)/35756). What are the prime factors of (-12)/14 - u/(-70)?
2, 7, 13
Suppose 70*y = 52*y + 54. List the prime factors of y/(-8) + (-16332)/(-32).
2, 3, 5, 17
Suppose 62*l = 91*l - 94888. List the prime factors of l.
2, 409
Suppose 8*d + 26 = 17 + 41. Suppose -2*n = 3*n + 2*j - 11, -5*j = 10. Suppose -3*u - 155 = -n*v + 322, -618 = -d*v - 5*u. What are the prime factors of v?
157
Suppose u + 5*h + 536 = 2828, -u + 2298 = 2*h. What are the prime factors of u?
2, 1151
Suppose 0 = -c + d + 11, -5*c - 3*d = -6*d - 51. Let w(s) = 15*s - 15. Let l be w(c). Let p = l + -57. What are the prime factors of p?
3, 7
Let p(a) = -a**3 + 13*a**2 + a - 4. Let s be p(13). Suppose 5*f = s*f. Suppose -2*r + 5*g + 37 = f, -5*r + 240 = 3*g + 70. What are the prime factors of r?
31
Suppose 24630 + 38612 = 2*f + 4*t, 0 = 3*f + 5*t - 94863. List the prime factors of f.
103, 307
Let j(g) be the second derivative of 5*g**3/2 + 179*g**2 - 106*g. List the prime factors of j(51).
1123
Let u = 4644 - 1769. Suppose 2869*n = u*n - 4938. What are the prime factors of n?
823
Suppose 23 = 9*z - 4. Suppose -5*b = -z*p - 9, -3*p + 4*b - 6 = -0*p. Suppose 14*w - p*w - 1224 = 0. List the prime factors of w.
2, 3, 17
Suppose 17*q = 12*q + 2385. Let b = -229 + q. What are the prime factors of b?
2, 31
Let r(s) be the third derivative of 5/12*s**4 - 30*s**2 + 0 + 0*s + 0*s**3. What are 